{"id":84,"date":"2015-03-05T15:02:38","date_gmt":"2015-03-05T15:02:38","guid":{"rendered":"http:\/\/jornalexemplo1.hospedagemdesites.ws\/jornal\/?page_id=84"},"modified":"2015-11-13T10:40:52","modified_gmt":"2015-11-13T10:40:52","slug":"premio-exemplo-de-qualidade","status":"publish","type":"page","link":"https:\/\/www.jornalexemplo.com.br\/jornal\/premio-exemplo-de-qualidade\/","title":{"rendered":"PR\u00caMIO EXEMPLO DE QUALIDADE"},"content":{"rendered":"\t\t\t\t\t\t\t <!-- Default slider --> \n\t\t                            <section class=\"section  feature_slider_76\"><!--def slider-->\n\t\t                                <div class=\"def-slider\">\n\t\t                                    <div class=\"def-slider-wrap momizat-custom-slider\" data-srtl=\"false\" data-animate_out='' data-animate_in=\"\" data-autoplay=\"true\" data-timeout=\"5000\">\n\t\t                                        \t\t                                        \t\t                                        <div class=\"def-slider-item\" itemscope=\"\" itemtype=\"http:\/\/schema.org\/Article\">\n\t\t                                            <a itemprop=\"url\" href=\"http:\/\/www.jornalexemplo.com.br\/jornal\/premio-exemplo-2023\/\">\n\t\t                                            \t<img itemprop=\"image\" src=\"http:\/\/www.jornalexemplo.com.br\/jornal\/wp-content\/uploads\/2023\/11\/DSC_1222-765x510.jpg\" data-hidpi=\"http:\/\/www.jornalexemplo.com.br\/jornal\/wp-content\/uploads\/2023\/11\/DSC_1222-765x510.jpg\" alt=\"PR\u00caMIO EXEMPLO 2023\" width=\"765\" height=\"510\">\t\t                                            <\/a>\n\t\t                                            \t\t                                            <div class=\"def-slider-cap\">\n\t\t                                                <div class=\"def-slider-title\">\n\t\t                                                    <h2 itemprop=\"name\"><a itemprop=\"url\" href=\"http:\/\/www.jornalexemplo.com.br\/jornal\/premio-exemplo-2023\/\">PR\u00caMIO EXEMPLO 2023<\/a><\/h2>\n\t\t                                                <\/div>\n\t\t                                                \t\t\t\t\t\t                                <p class=\"def-slider-desc\">\n\t\t\t\t\t\t                                    \t\t\t\t\t\t                                <\/p>\n\t\t\t\t\t\t                                \t\t                                            <\/div>\n\t\t                                            \t\t                                        <\/div>\n\t\t                                        \t\t                                        \t\t                                        \t\t                                        <div class=\"def-slider-item\" itemscope=\"\" itemtype=\"http:\/\/schema.org\/Article\">\n\t\t                                            <a itemprop=\"url\" href=\"http:\/\/www.jornalexemplo.com.br\/jornal\/sucesso-total-na-festa-do-premio-exemplo-2023\/\">\n\t\t                                            \t<img itemprop=\"image\" src=\"http:\/\/www.jornalexemplo.com.br\/jornal\/wp-content\/uploads\/2023\/11\/WhatsApp-Image-2023-11-05-at-12.19.01-765x510.jpeg\" data-hidpi=\"http:\/\/www.jornalexemplo.com.br\/jornal\/wp-content\/uploads\/2023\/11\/WhatsApp-Image-2023-11-05-at-12.19.01-765x510.jpeg\" alt=\"SUCESSO TOTAL NA FESTA DO PR\u00caMIO EXEMPLO 2023\" width=\"765\" height=\"510\">\t\t                                            <\/a>\n\t\t                                            \t\t                                            <div class=\"def-slider-cap\">\n\t\t                                                <div class=\"def-slider-title\">\n\t\t                                                    <h2 itemprop=\"name\"><a itemprop=\"url\" href=\"http:\/\/www.jornalexemplo.com.br\/jornal\/sucesso-total-na-festa-do-premio-exemplo-2023\/\">SUCESSO TOTAL NA FESTA DO PR\u00caMIO EXEMPLO 2023<\/a><\/h2>\n\t\t                                                <\/div>\n\t\t                                                \t\t\t\t\t\t                                <p class=\"def-slider-desc\">\n\t\t\t\t\t\t                                    https:\/\/youtu.be\/3gbwywyJ-ic\t\t\t\t\t\t                                <\/p>\n\t\t\t\t\t\t                                \t\t                                            <\/div>\n\t\t                                            \t\t                                        <\/div>\n\t\t                                        \t\t                                        \t\t                                        \t\t                                        <div class=\"def-slider-item\" itemscope=\"\" itemtype=\"http:\/\/schema.org\/Article\">\n\t\t                                            <a itemprop=\"url\" href=\"http:\/\/www.jornalexemplo.com.br\/jornal\/no-proximo-sabado-premio-exemplo-e-double-you-agitam-o-indaiatuba-clube\/\">\n\t\t                                            \t<img itemprop=\"image\" src=\"http:\/\/www.jornalexemplo.com.br\/jornal\/wp-content\/uploads\/2022\/11\/WN-Reproducao-765x510.jpg\" data-hidpi=\"http:\/\/www.jornalexemplo.com.br\/jornal\/wp-content\/uploads\/2022\/11\/WN-Reproducao-765x510.jpg\" alt=\"No pr\u00f3ximo s\u00e1bado: Pr\u00eamio Exemplo e Double You agitam o Indaiatuba Clube\" width=\"765\" height=\"510\">\t\t                                            <\/a>\n\t\t                                            \t\t                                            <div class=\"def-slider-cap\">\n\t\t                                                <div class=\"def-slider-title\">\n\t\t                                                    <h2 itemprop=\"name\"><a itemprop=\"url\" href=\"http:\/\/www.jornalexemplo.com.br\/jornal\/no-proximo-sabado-premio-exemplo-e-double-you-agitam-o-indaiatuba-clube\/\">No pr\u00f3ximo s\u00e1bado: Pr\u00eamio Exemplo e Double You agitam o Indaiatuba Clube<\/a><\/h2>\n\t\t                                                <\/div>\n\t\t                                                \t\t\t\t\t\t                                <p class=\"def-slider-desc\">\n\t\t\t\t\t\t                                    A banda de Eurodance Double You ser\u00e1 a principal atra\u00e7\u00e3o do 11\u00ba Pr\u00eamio Exemplo de Qualidade que acontecer\u00e1, em sua edi\u00e7\u00e3o 2022, neste s\u00e1bado (dia 26),...\t\t\t\t\t\t                                <\/p>\n\t\t\t\t\t\t                                \t\t                                            <\/div>\n\t\t                                            \t\t                                        <\/div>\n\t\t                                        \t\t                                        \t\t                                        \t\t                                        <div class=\"def-slider-item\" itemscope=\"\" itemtype=\"http:\/\/schema.org\/Article\">\n\t\t                                            <a itemprop=\"url\" href=\"http:\/\/www.jornalexemplo.com.br\/jornal\/premio-exemplo-de-qualidade-traz-michel-telo\/\">\n\t\t                                            \t<img itemprop=\"image\" src=\"http:\/\/www.jornalexemplo.com.br\/jornal\/wp-content\/uploads\/2022\/03\/03-Michel-765x510.jpg\" data-hidpi=\"http:\/\/www.jornalexemplo.com.br\/jornal\/wp-content\/uploads\/2022\/03\/03-Michel-765x510.jpg\" alt=\"Pr\u00eamio Exemplo\u00ae de Qualidade traz Michel Tel\u00f3\" width=\"765\" height=\"510\">\t\t                                            <\/a>\n\t\t                                            \t\t                                            <div class=\"def-slider-cap\">\n\t\t                                                <div class=\"def-slider-title\">\n\t\t                                                    <h2 itemprop=\"name\"><a itemprop=\"url\" href=\"http:\/\/www.jornalexemplo.com.br\/jornal\/premio-exemplo-de-qualidade-traz-michel-telo\/\">Pr\u00eamio Exemplo\u00ae de Qualidade traz Michel Tel\u00f3<\/a><\/h2>\n\t\t                                                <\/div>\n\t\t                                                \t\t\t\t\t\t                                <p class=\"def-slider-desc\">\n\t\t\t\t\t\t                                    Pr\u00eamio reconhece empresas e personalidades que se destacam pela sua excel\u00eancia em gest\u00e3o Para enriquecer a 10\u00aa edi\u00e7\u00e3o do Pr\u00eamio Exemplo\u00ae de Qualidade,...\t\t\t\t\t\t                                <\/p>\n\t\t\t\t\t\t                                \t\t                                            <\/div>\n\t\t                                            \t\t                                        <\/div>\n\t\t                                        \t\t                                        \t\t                                    <\/div>\n\t\t                                \n\t\t                                <\/div>\n\t\t                            <\/section><!--def slider-->\n\t\t\t\t\t    \n\t\t                <!-- End Slider type -->             \t\n\t\t\t\n<p>&nbsp;<\/p>\n<p>&nbsp;<\/p>\n","protected":false},"excerpt":{"rendered":"<p>&nbsp; &nbsp;<\/p>\n","protected":false},"author":1,"featured_media":0,"parent":0,"menu_order":0,"comment_status":"open","ping_status":"open","template":"","meta":[],"_links":{"self":[{"href":"https:\/\/www.jornalexemplo.com.br\/jornal\/wp-json\/wp\/v2\/pages\/84"}],"collection":[{"href":"https:\/\/www.jornalexemplo.com.br\/jornal\/wp-json\/wp\/v2\/pages"}],"about":[{"href":"https:\/\/www.jornalexemplo.com.br\/jornal\/wp-json\/wp\/v2\/types\/page"}],"author":[{"embeddable":true,"href":"https:\/\/www.jornalexemplo.com.br\/jornal\/wp-json\/wp\/v2\/users\/1"}],"replies":[{"embeddable":true,"href":"https:\/\/www.jornalexemplo.com.br\/jornal\/wp-json\/wp\/v2\/comments?post=84"}],"version-history":[{"count":10,"href":"https:\/\/www.jornalexemplo.com.br\/jornal\/wp-json\/wp\/v2\/pages\/84\/revisions"}],"predecessor-version":[{"id":36783,"href":"https:\/\/www.jornalexemplo.com.br\/jornal\/wp-json\/wp\/v2\/pages\/84\/revisions\/36783"}],"wp:attachment":[{"href":"https:\/\/www.jornalexemplo.com.br\/jornal\/wp-json\/wp\/v2\/media?parent=84"}],"curies":[{"name":"wp","href":"https:\/\/api.w.org\/{rel}","templated":true}]}}